 of y?
0
Let s(l) = 286*l - 703. What is the thousands digit of s(15)?
3
Let m = 19 + -20. Let g be -22 + 26 - m*11. Suppose 0 = 18*q - g*q - 42. What is the tens digit of q?
1
Suppose -2*t + 3*s = -516, 3*s - 424 - 320 = -3*t. Let h = t - 177. What is the units digit of h?
5
Let a(h) = 28*h**2 + 14*h. Let f be a(-6). Suppose f + 84 = 8*o. What is the tens digit of o?
2
Let t = -28 - -16. Let w(u) = 11*u**2 - 2. Let b(f) = f**3 + f**2 + f. Let n(a) = -b(a) - w(a). What is the tens digit of n(t)?
1
Let q(n) = -3*n + 20. Let o = -6 + 12. Let w be q(o). Suppose 4*u - w*t = 98, 2*u + 3*u - 124 = 4*t. What is the units digit of u?
4
Let t be 54/14 - 7/(-49). Suppose -71 = -4*p - 2*m + m, 0 = -t*m - 4. Let n = 14 + p. What is the units digit of n?
2
Let v(t) = 2*t**2 - 5*t + 5. Let d be v(2). Suppose -d*c - 58 + 346 = 0. Suppose 4*s - 2*s - 2*y = c, -4*s = -2*y - 200. What is the tens digit of s?
5
Let u = -72 - -75. What is the units digit of u/(1 + (-340)/352)?
8
Let a(y) = y**2 - 7 + 3*y**2 - 4 - 5*y**2 - 12*y. What is the tens digit of a(-6)?
2
Let l(y) = -y**3 - 5*y**2 + y. Let n be l(-5). Let m(c) = -20*c + 12. What is the units digit of m(n)?
2
Let s be (-1)/3 - 10/6. Let w be (s - 3) + 2 + 151. Suppose -x + 2*x - w = -5*k, 0 = -4*k + 3*x + 107. What is the tens digit of k?
2
Let h(z) = z**3 + 12*z**2 - 14*z - 9. Let p be h(-13). Suppose -4*m = -0*m + 16, -p*m = 2*x - 164. What is the units digit of x?
0
Let k(o) = 324*o**2 + o + 1. Let p be k(-1). Suppose 0 = 4*s - 0*s - p. What is the tens digit of s?
8
Let y(k) = k**3 - 2*k**2 - 4*k + 3. Suppose -4 = -6*b + 14. Let o be y(b). Suppose -2*r + 7*r = 5, -3*z - 2*r + 32 = o. What is the units digit of z?
0
Suppose 2*a + a + 5*m = 11, 0 = -2*m + 2. Let s(r) = 6*r - 3. Let w be s(a). Suppose -13*k + w*k + 160 = 0. What is the units digit of k?
0
Suppose -15 = -14*o - 1. What is the tens digit of 3*o - (29 - 276)?
5
Let o be (-6)/12 + 2/(-4). Let h be (-402)/(-12) - o/(-2). Suppose 3*s + q - 48 = 0, 7*s - h = 4*s + 4*q. What is the tens digit of s?
1
Let t be 15/6 - 1/(-2). Suppose -i = -3*w + 4*i + 924, 0 = 3*w - t*i - 918. What is the tens digit of w?
0
Let n be (-1)/4 + 1352/32. Let i = n - 24. What is the tens digit of ((-14)/4)/((-1)/i)?
6
Let h = -571 + 809. Suppose 2*i + 0*b = 5*b + 193, -2*i = 4*b - h. What is the tens digit of i?
0
Let x = 41 + -33. Suppose 3*s + 87 = x*s - 4*c, 3*s - 54 = 3*c. What is the units digit of s?
5
Suppose -20*x = -67*x + 103823. What is the units digit of x?
9
Let j = -331 + 493. What is the hundreds digit of j?
1
Let w be 1 + -2 + (-272)/(4/1). Let m = w - -154. What is the units digit of m?
5
Suppose 2*m = -9 + 5, -2*m = -5*t + 2939. What is the tens digit of t?
8
Suppose -p + 1065 = -526. What is the hundreds digit of p?
5
Let o(j) = -154*j - 579. What is the units digit of o(-17)?
9
Suppose 2*p - 4 + 2 = 0. Suppose 4*o - 28 = -3*x, 4 + p = -o. Let q = x + -12. What is the units digit of q?
4
Let o(t) = -9*t + 1. Let c be o(2). Let m = c + 22. Suppose m*w - 173 = -4*x + 32, 5*x = -w + 251. What is the units digit of x?
0
Suppose -5*c - 11 = -21. Let x be c/(-14) - (-16)/14. Let f = 9 - x. What is the units digit of f?
8
What is the hundreds digit of 14/((-56)/66)*-26?
4
Suppose -4*d = 3*p - 635, -d = 4*d + 4*p - 793. Let b = d + -59. What is the hundreds digit of b?
1
Let x(f) = -2*f - 6. Let a be x(-4). Let l = 68 + -89. What is the units digit of (a - l) + (-2 - 0)?
1
Suppose 3*r + 6 = 4*r. Suppose 0 = -3*u + r. Let j = 21 - u. What is the units digit of j?
9
Suppose -11*b + 25 = -6*b, -3*b - 5 = -5*j. Let t(p) = 16*p - 7. What is the units digit of t(j)?
7
Let p be (-1 + -1)/(32/656). Let u = 100 + p. What is the tens digit of u?
5
Let c = -573 + 1054. What is the hundreds digit of c?
4
Suppose -u + 2 = -0*u. Let f = u - -10. Suppose 3*b + f = 5*b. What is the units digit of b?
6
Suppose 24 = 2*o + 8. What is the units digit of (-2)/(-4)*o*17?
8
Let x(q) = q + 13. Let y be 3 + 0 + 0 + 2. Let w(u) = -u - 4. Let j be w(y). What is the units digit of x(j)?
4
Let g be 2*(-1)/(-4)*8. Let u(s) = -s**2 + 5*s + 1. Let v be u(g). Suppose -5*a = -2*k - 3*k - 190, 184 = v*a + k. What is the tens digit of a?
3
What is the thousands digit of 25*(-1)/(-3 + -2) + 1470?
1
Let c = 772 + -363. Let v(p) = p**3 + 14*p**2 - 14*p + 21. Let m be v(-15). What is the tens digit of c/m - (-15)/(-90)?
6
Let j = 3160 - 943. What is the hundreds digit of j?
2
Let v(i) = i**2 + 20*i + 24. Let r be v(-22). Let o = r - 52. What is the tens digit of o?
1
Suppose 3*v = -4*j + 27 + 78, -99 = -4*j - v. Let x(p) = p**2 - 14*p - 23. What is the tens digit of x(j)?
1
What is the units digit of 97092/(-465)*30/(-4)?
6
Suppose 4*u = 2*h + 3658, -4*u + 10*h + 3649 = 5*h. What is the units digit of u?
6
Let q = -3 + 8. Suppose -2*y = c - 43, q*c = y + 112 + 59. What is the units digit of c?
5
Let s = -494 + 1185. What is the units digit of s?
1
Let c(s) = s**3 - 14*s**2 - 12*s + 31. What is the units digit of c(17)?
4
Suppose b = 5, 4*b = 4*w + 7 + 1. Let f = 30 + -30. Suppose -4*d + 102 = -d - 3*t, -w*d - 5*t + 86 = f. What is the units digit of d?
2
Let u(l) = -2*l**3 - 7*l**2 + 3*l + 10. Let i be u(-6). Suppose 162 = c + 4*r, 3*c - 4*r - 642 = -i. What is the tens digit of c?
5
Suppose -695 = -271*v + 266*v. What is the hundreds digit of v?
1
Let n(r) = -56*r + 110. Let l(o) = -37*o + 73. Let m(p) = -8*l(p) + 5*n(p). What is the units digit of m(12)?
8
Suppose 4 = -5*s - 3*q - 6, -10 = -5*s + q. Let u = -5 - s. What is the units digit of 308/12 + 4/u?
5
What is the tens digit of (-3)/(-3) - -5 - -562?
6
Suppose 6*a - 4*a + 64 = -4*i, -5*a + 4*i - 188 = 0. Let n = a - -39. What is the units digit of n?
3
Let b = -172 - -297. What is the tens digit of b/(((-1)/(-2))/(10/20))?
2
Suppose 12*h - 9 = 15*h. Let z = h - -2. What is the units digit of z/2*(-76)/2?
9
Suppose 0 = -w + 2*v + 652, -5*w + 10*w = -5*v + 3215. What is the hundreds digit of w?
6
Suppose j = 8*j + 56. What is the tens digit of 2 + j/3 - 1480/(-24)?
6
Let i = 30 + -27. Suppose i*x = -5*t + 65, -4*t - 110 = -x - 2*x. What is the tens digit of x?
3
Let i(q) = 3*q**2 - 21*q - 1. What is the tens digit of i(-2)?
5
Let d(l) = -7*l**3 - l**2 - 4*l - 27. What is the tens digit of d(-7)?
5
Let h = 374 + -219. What is the hundreds digit of h?
1
Let s(n) = 66*n**2 - 3*n - 3. Let t be s(-1). Let h(w) = w**3 - w**2 + 2*w - 3. Let o be h(2). What is the tens digit of o/2*t/15?
1
Let d = 74 - 82. Let q(i) = i + 22. What is the units digit of q(d)?
4
Let c(s) = -10*s + 44. Let p(l) = -21*l + 88. Let d(v) = 11*c(v) - 6*p(v). What is the tens digit of d(12)?
4
Suppose 0 = -4*x - 3632 + 18312. What is the thousands digit of x?
3
Let j be ((-3)/4)/(6/(-1 - -193)). What is the tens digit of (-484)/j*2*3/1?
2
Let n = 97 + -86. Suppose -14*k = -n*k - 78. What is the tens digit of k?
2
Let b be ((-15)/2)/5*(-4)/6. Let f(s) = 76*s + 6. What is the units digit of f(b)?
2
Let o be (-2 - (-1)/1)*0. Let i be (1 + o)*(-8 - -11). Suppose -2*w + 4*y = -44, i*w - y - 74 = 3*y. What is the tens digit of w?
3
Suppose -t = -3*i + 9, -5*t = -2*i + 7*i + 5. Let r be 0 - (-70 + 2 + 0). Suppose 0*y - i*y = -r. What is the units digit of y?
4
Let a = -23 + 31. Suppose -3*u = -23 + a. Suppose 0 = 3*m - 4*m + u. What is the units digit of m?
5
Suppose -20009 = -91*p + 80*p. What is the units digit of p?
9
Let x = -16 - -23. Let y = 10 - x. Suppose 0 = y*v + 2*v - 45. What is the units digit of v?
9
Let h(r) = r**3 + 4*r**2 - r - 5. Suppose -4*y + 3*u = 14, 2*y - 4 = u - 12. Let j be h(y). Let c = j + 35. What is the tens digit of c?
1
Suppose -13*t - 12 = -17*t. Let b(x) = 28*x**2 - 2*x - 3. Let f be b(t). Suppose 2*s = 4*g - 242, 0*g - 4*g + 3*s = -f. What is the units digit of g?
0
Suppose 4*y - 3*t = 189, 10*y - 5*t - 230 = 5*y. Suppose 22*i - y = 19*i. What is the tens digit of i?
1
Let q(i) = -i**3 - i**2 - 2*i + 6. Suppose -2*y + 0*b = -b + 13, 0 = -3*y + 5*b - 30. What is the hundreds digit of q(y)?
1
Let s be ((-4)/1)/(4/(-3)). Suppose 5*r + 22 = s*r. What is the units digit of (-497)/r - 6/33?
5
Let q = -23 + 19. Let j = q - -45. Suppose -5*h + 5*v = v - 200, -v - j = -h. What is the units digit of h?
6
Let r(m) = 53*m - 9. What is the hundreds digit of r(